?
13
Let x = 30 + -25. Calculate the highest common divisor of 25 and x.
5
Suppose 4*b = 5*d + 15 + 49, -5*d - 85 = -5*b. Calculate the highest common divisor of 231 and b.
21
Let q = -7 - -10. Suppose q*d = d + 40. Suppose -5*j + 3*n + 35 = 0, 0 = -2*j + j + n + 9. What is the highest common divisor of d and j?
4
Suppose 0 = b - c, -5*b + 2*c - 3 + 18 = 0. Let y be (6/b)/(1/(-5)). Let l be ((-2)/y)/((-1)/(-12)). Calculate the highest common factor of l and 32.
4
Let i(c) = c**2 - 6*c + 1. Let p be i(7). Suppose -3*v = -p*v + 70. What is the highest common divisor of v and 154?
14
Suppose -3*o = -80 - 163. Let i be -1 + -2 + (-36)/(-3). What is the highest common factor of i and o?
9
Suppose -4*h - h = -2*l, 0 = 4*h + 2*l - 18. Let n be h*6/4 - 21. Let d be (-194)/n - 8/(-36). Calculate the greatest common divisor of d and 11.
11
Suppose 0 = -7*i + 8*i - 2. Let m be i/4*228/6. Calculate the highest common factor of 171 and m.
19
Let p(q) = q**2 + 7*q + 9. Let a be p(-6). What is the highest common divisor of 3 and a?
3
Suppose 2*d + 17 = 113. What is the greatest common factor of d and 3?
3
Let v = 1 + 1. Let q be (28 - 6) + (1 - 5). What is the highest common factor of v and q?
2
Suppose 52 = 5*x + 777. Suppose -3*y = -0*b - 5*b - 627, 1045 = 5*y + 2*b. Let n = y + x. Calculate the greatest common factor of 8 and n.
8
Let u be 297 - (-1 + (-3 - -4)). What is the greatest common factor of u and 27?
27
Let y be ((-2)/(-4))/((-4)/(-160)). Suppose -3*d - 6*m = -11*m - 90, -2*d = -5*m - 60. What is the highest common divisor of y and d?
10
Suppose -2*l + 71 = 9. Suppose -3*b + l + 101 = 0. Let z = 36 + -25. What is the highest common divisor of z and b?
11
Let u = -16 + 9. Let a = 12 + u. Suppose 2*i = 4*i + 5*v - 32, -122 = -a*i - 2*v. What is the greatest common divisor of i and 65?
13
Suppose 0 = y - 4*p + 18, 0 = 5*y - 10*y + 3*p - 56. Let f = y - -8. Let a be 1 - (-1 + 0 + f). What is the highest common divisor of 6 and a?
2
Suppose -6*w + 7*w - 6 = 0. Calculate the greatest common factor of w and 42.
6
Let k be (189/(-15))/((-18)/60). What is the greatest common divisor of k and 42?
42
Suppose -m = -2*t + 6, 2*m - 3*m = 4. Suppose 2*g + 2*g - 8 = 0. What is the highest common divisor of g and t?
1
Let w be (-3124)/(-154) - (-4)/(-14). What is the highest common divisor of 10 and w?
10
Suppose 18*n - 28*n = -300. What is the highest common factor of 30 and n?
30
Suppose 4 = 4*b - 8. Suppose 0 = l - 3*g + 3, 3*l - b*g = -g + 12. What is the highest common divisor of 4 and l?
2
Let d(o) = 8*o**2 - 3*o. Let p be d(3). What is the greatest common divisor of 42 and p?
21
Let b(o) = o**2. Let f be b(1). Let k be (4 + -1)/((-6)/(-16)). What is the greatest common divisor of k and f?
1
Suppose w + 2 = 4. Suppose -c + 21 = 2*y, -2*y - w*y = -5*c - 49. Calculate the highest common factor of 55 and y.
11
Let l be (-2)/6 + (-19)/(-3). Suppose 8*g = 7*g + 3. What is the highest common divisor of g and l?
3
Suppose 10 = 4*j - 6. Let w be (8/(-1))/j - -52. What is the highest common factor of w and 10?
10
Suppose 3*h + 28 = h. Let a be 8/28 - 38/h. What is the greatest common factor of 2 and a?
1
Let b be -9*(-18 + (-1)/((-4)/(-12))). What is the highest common factor of b and 27?
27
Let k(u) = -u + 6. Let l be k(6). Let g = l + 5. Suppose -3*p + g*p - 5*t - 7 = 0, 10 = 2*p - 2*t. What is the greatest common divisor of 30 and p?
6
Let y(w) = 92*w - 8. Let a be y(-6). Let u be (3/2)/((-10)/a). What is the highest common divisor of u and 12?
12
Let n(d) = -29*d**3 - d**2 + 2*d + 1. Let h be n(-1). Calculate the greatest common factor of 135 and h.
27
Let v = 46 - 26. What is the greatest common factor of 100 and v?
20
Suppose 8*o = 3*o + 140. Let a(m) be the second derivative of m**4/12 - m**3/3 + 7*m**2/2 + 2*m. Let j be a(7). What is the greatest common divisor of o and j?
14
Suppose 136 = -w + 3*w. Let x = w + -33. Calculate the greatest common factor of x and 7.
7
Let a(b) = -b**3 - 8*b**2 + 11*b - 8. Let s be a(-9). Let n = 38 + s. Calculate the greatest common factor of 48 and n.
12
Let z(c) be the first derivative of 5*c**2 + c + 2. Suppose 2 = 2*n - 0*n. Let a be z(n). Calculate the greatest common factor of 33 and a.
11
Let i be -1*(3 - 84/4). Calculate the highest common factor of i and 126.
18
Let v(f) = 11*f**2 - f + 2. Let p be v(1). What is the greatest common divisor of p and 4?
4
Suppose -61 = -q - 16. Suppose -4*z - 21 + 59 = j, 0 = -2*j - 3*z + 51. Calculate the highest common divisor of q and j.
9
Let j(b) be the third derivative of -b**4/12 - b**3/6 - 2*b**2. Let i be j(-9). Calculate the greatest common divisor of i and 51.
17
Let n be (0 - 1)/((-3)/15). Suppose h - n + 1 = 0. What is the highest common factor of 2 and h?
2
Let u = -20 - -30. Let x(h) = 4*h**3 + 2*h**2 - h. Suppose 0 = 4*l + l - 5. Let y be x(l). Calculate the greatest common factor of y and u.
5
Let n(w) = -10*w**2 - 2*w - 1. Let f(q) = q. Let t(o) = -5*f(o) - n(o). Let v be t(2). Suppose 10 = 5*u - 15. Calculate the greatest common factor of v and u.
5
Suppose -4*i = i - 50. Suppose -3*k + 2*k = -4. Suppose -k*q + 0*t + 194 = 3*t, -240 = -5*q - 5*t. What is the greatest common divisor of q and i?
10
Suppose q + 7 = -0*l - 3*l, -5*l - 13 = q. What is the greatest common divisor of 4 and q?
2
Let u = 760 - 499. Calculate the highest common factor of 29 and u.
29
Let s = 124 - 84. Calculate the greatest common factor of 16 and s.
8
Let i(w) = 2*w**2 + 2*w + 3. Let q be i(-2). Suppose -36 = 3*f - q*f. Calculate the highest common factor of f and 6.
3
Let h(b) = -b**3 - 5*b**2 + 5*b + 2. Let r be h(-6). Let n(a) = -a**3 - 6*a**2 + 4. Let v be n(-6). Calculate the greatest common divisor of v and r.
4
Let h = 42 + -27. Suppose v = -3*v + 144. Let y = v - h. What is the highest common factor of y and 14?
7
Suppose 5*n - 2*d - 64 = 0, -n - 4*n - 2*d = -76. Suppose 2*o - n = 18. Let v = 19 - 17. Calculate the greatest common factor of o and v.
2
Suppose -i + 4*i + l - 187 = 0, 2*l - 311 = -5*i. Calculate the greatest common factor of i and 21.
21
Suppose t - 18 = -4*v + 5*v, -t - 4*v + 23 = 0. What is the highest common divisor of t and 152?
19
Let t be (5 - -13)*(1 + 2/6). What is the highest common factor of 48 and t?
24
Let z(x) = 3*x + 2. Let m be z(8). Calculate the greatest common factor of m and 39.
13
Let r(c) = 4*c**2 + 5*c + 1. Let g be r(-4). Let k(x) = -17*x - 2. Let a be k(-1). What is the highest common factor of a and g?
15
Suppose -4*q = 4*d - 52, -2*d = q - 0*d - 10. Calculate the greatest common factor of 80 and q.
16
Let w be 161/1 - 1 - 0. Calculate the greatest common divisor of 20 and w.
20
Let v = 131 + -83. Suppose -4*r + 5*x + 17 = -50, -v = -3*r + 3*x. What is the greatest common divisor of r and 117?
13
Let o be (0 - (-32)/(-2))/((-3)/3). What is the greatest common factor of o and 144?
16
Let y be 4/(5*2/245). Suppose 5*k + y = 368. Calculate the highest common divisor of k and 6.
6
Let y(d) = 4*d**2 + 3*d - 1. Let f be y(-5). Suppose m - 4*m = f. Let q = m - -46. What is the highest common factor of 12 and q?
6
Let k = 6 - 2. Let o = 2 - 0. Suppose -o*v + 59 = -q, 5*q = 4*v + 48 - 175. What is the greatest common divisor of k and v?
4
Suppose 3*z = 4*w + 95, 2*z - 4*w = 6*z - 108. Let r be z - ((2 - -1) + -4). What is the highest common divisor of 6 and r?
6
Let k = -42 + 80. Suppose -16 = -2*j + 2*m + 3*m, 4*m = 3*j - k. Suppose 3*z + 14 = 68. Calculate the highest common divisor of j and z.
18
Suppose 2*f - 3*f = -57. Calculate the greatest common divisor of f and 19.
19
Let u(t) = -t**2 - 8*t - 4. Let d be u(-6). Calculate the greatest common divisor of 8 and d.
8
Suppose 0 = -3*m + 6 - 3. Let v be 12/20*10/m. Calculate the greatest common divisor of 66 and v.
6
Let u be ((-14)/(-1))/(1 + 1). What is the highest common divisor of 7 and u?
7
Let w = -52 + 27. Let m be (-5)/(w/15) - 2. Suppose -2*o - 4*i - 7 = -1, -18 = -2*o + 2*i. What is the highest common divisor of m and o?
1
Let v(i) = -i**3 - 5*i**2 + 9*i + 9. Let t be v(-6). Let k = -41 - -62. Let l = k - t. Calculate the highest common factor of l and 10.
10
Let r = -14 + 27. Calculate the greatest common factor of 13 and r.
13
Let x be 3*(-8)/42 + (-5682)/(-21). Let a(t) = 29*t**2 + 1.